millions digit of 3100958559?
0
What is the hundreds digit of 23388009?
0
What is the billions digit of 2097582586?
2
What is the units digit of 83529381?
1
What is the units digit of 230398520?
0
What is the hundred thousands digit of 8153595862?
5
What is the ten thousands digit of 67100698?
0
What is the thousands digit of 117899419?
9
What is the ten millions digit of 529671884?
2
What is the ten thousands digit of 238765413?
6
What is the units digit of 901984018?
8
What is the ten thousands digit of 27299316?
9
What is the thousands digit of 2863008854?
8
What is the millions digit of 24763471?
4
What is the hundreds digit of 61735068?
0
What is the ten thousands digit of 96341420?
4
What is the units digit of 10876533?
3
What is the hundreds digit of 6227598?
5
What is the ten thousands digit of 1011520?
1
What is the millions digit of 386451857?
6
What is the hundred millions digit of 519276071?
5
What is the ten millions digit of 691171428?
9
What is the hundred thousands digit of 21482463?
4
What is the hundred millions digit of 975954097?
9
What is the units digit of 5277449631?
1
What is the ten millions digit of 171111086?
7
What is the thousands digit of 175306061?
6
What is the hundreds digit of 176476474?
4
What is the millions digit of 259935819?
9
What is the ten millions digit of 172651722?
7
What is the tens digit of 1228905080?
8
What is the ten thousands digit of 781398452?
9
What is the millions digit of 411242542?
1
What is the ten thousands digit of 316337481?
3
What is the hundreds digit of 1419109659?
6
What is the ten thousands digit of 347229645?
2
What is the hundred millions digit of 3445433393?
4
What is the ten thousands digit of 5116266?
1
What is the thousands digit of 3373590112?
0
What is the units digit of 14857736?
6
What is the units digit of 9078111?
1
What is the ten thousands digit of 97627200?
2
What is the thousands digit of 502730152?
0
What is the hundreds digit of 2765085515?
5
What is the hundred millions digit of 299842550?
2
What is the hundred millions digit of 316609666?
3
What is the hundreds digit of 129075768?
7
What is the millions digit of 85414422?
5
What is the ten millions digit of 44428495?
4
What is the ten millions digit of 52793739?
5
What is the ten thousands digit of 1417701898?
0
What is the units digit of 249632262?
2
What is the ten millions digit of 5562912566?
6
What is the units digit of 133360672?
2
What is the millions digit of 1404065236?
4
What is the tens digit of 1127220862?
6
What is the thousands digit of 3202323470?
3
What is the hundred thousands digit of 4810717507?
7
What is the hundred thousands digit of 2070576628?
5
What is the hundred millions digit of 201647702?
2
What is the thousands digit of 964238944?
8
What is the ten millions digit of 16697801?
1
What is the millions digit of 267419458?
7
What is the thousands digit of 624888734?
8
What is the billions digit of 1499846852?
1
What is the millions digit of 3648473?
3
What is the units digit of 118135547?
7
What is the tens digit of 2218950238?
3
What is the thousands digit of 1952777084?
7
What is the tens digit of 52234950?
5
What is the ten millions digit of 2716412927?
1
What is the tens digit of 5605784798?
9
What is the units digit of 58086485?
5
What is the units digit of 323319122?
2
What is the hundreds digit of 85269935?
9
What is the millions digit of 63681142?
3
What is the units digit of 63821756?
6
What is the thousands digit of 1794429?
4
What is the units digit of 293765751?
1
What is the hundred thousands digit of 44441277?
4
What is the hundred thousands digit of 4591561244?
5
What is the millions digit of 82994236?
2
What is the billions digit of 3772717701?
3
What is the millions digit of 69266572?
9
What is the thousands digit of 3098103?
8
What is the tens digit of 54997939?
3
What is the tens digit of 4869818?
1
What is the millions digit of 514210076?
4
What is the tens digit of 3645355043?
4
What is the units digit of 320503468?
8
What is the tens digit of 2222348962?
6
What is the ten thousands digit of 2090849335?
4
What is the hundreds digit of 628484962?
9
What is the units digit of 14845381?
1
What is the thousands digit of 34090935?
0
What is the ten thousands digit of 26431452?
3
What is the hundred thousands digit of 2445517375?
5
What is the tens digit of 2432293520?
2
What is the units digit of 28013173?
3
What is the ten millions digit of 53638384?
5
What is the tens digit of 178805359?
5
What is the thousands digit of 2329314?
9
What is the units digit of 39645213?
3
What is the ten thousands digit of 44458113?
5
What is the tens digit of 817386799?
9
What is the ten millions digit of 221877547?
2
What is the hundreds digit of 43697090?
0
What is the thousands digit of 94424274?
4
What is the ten millions digit of 38413040?
3
What is the tens digit of 33331103?
0
What is the units digit of 87215079?
9
What is the billions digit of 3621703497?
3
What is the hundred millions digit of 128681905?
1
What is the ten thousands digit of 112389969?
8
What is the tens digit of 3982856739?
3
What is the ten millions digit of 801264612?
0
What is the hundred millions digit of 125853095?
1
What is the hundreds digit of 71616956?
9
What is the thousands digit of 593810500?
0
What is the thousands digit of 54346515?
6
What is the thousands digit of 23792431?
2
What is the hundred thousands digit of 852189119?
1
What is the thousands digit of 506678421?
8
What is the ten thousands digit of 39340453?
4
What is the thousands digit of 158329655?
9
What is the tens digit of 1452778769?
6
What is the hundreds digit of 712039512?
5
What is the hundred thousands digit of 64716235?
7
What is the millions digit of 548674805?
8
What is the hundreds digit of 156475067?
0
What is the hundred millions digit of 161612896?
1
What is the units digit of 414138382?
2
What is the hundreds digit of 117045221?
2
What is the ten thousands digit of 71251857?
5
What is the units digit of 849151169?
9
What is the hundred thousands digit of 3099267058?
2
What is the ten thousands digit of 24854378?
5
What is the hundred millions digit of 771769175?
7
What is the ten thousands digit of 40533823?
3
What is the millions digit of 611296630?
1
What is the ten millions digit of 40145525?
4
What is the tens digit of 651529075?
7
What is the ten millions digit of 30954276?
3
What is the units digit of 4112267?
7
What is the ten millions digit of 373779392?
7
What is the ten millions digit of 489615666?
8
What is the billions digit of 2453799804?
2
What is the units digit of 523548323?
3
What is the billions digit of 1296013056?
1
What is the tens digit of 1101479859?
5
What is the thousands digit of 4011841847?
1
What is the thousands digit of 450075847?
5
What is the thousands digit of 1379812872?
2
What is the hundreds digit of 438176831?
8
What is the thousands digit of 178802354?
2
What is the ten thousands digit of 1129630197?
3
What is the millions digit of 78922175?
8
What is the thousands digit of 5448546383?
6
What is the ten millions digit of 565529004?
6
What is the hundreds digit of 4592535278?
2
What is the units digit of 3833655224?
4
What is the millions digit of 352739783?
2
What is the millions digit of 58374057?
8
What is the tens digit of 66716520?
2
What is the ten thousands digit of 30495562?
9
What is the tens digit of 4682462784?
8
What is the hundred millions digit of 155402341?
1
What is the units digit of 587702005?
5
What is the thousands digit of 241339842?
9
What is the ten thousands digit of 145351261?
5
What is the billions digit of 1212849335?
1
What is the hundreds digit of 19371136?
1
What is the millions digit of 138901347?
8
What is the ten thousands digit of 747168725?
6
What is the units digit of 1053831937?
7
What is the units digit of 310326724?
4
What is the hundred thousands digit of 32887933?
8
What is the ten millions digit of 368713320?
6
What is the billions digit of 1329669878?
1
What is the units digit of 1192823723?
3
What is the hundred millions digit of 178260018?
1
What is the units digit of 2017769095?
5
What is the hundreds digit of 1651279?
2
What is the hundreds digit of 225705744?
7
What is the ten thousands digit of 811166276?
6
What is the hundreds dig